 = -4*x - 2*s + 5*s + 147. Calculate the remainder when 76 is divided by x.
37
Suppose -5*h = -3*p - 6*h + 52, -4*h = 4*p - 80. Calculate the remainder when 2*(456/p + -3) is divided by 13.
12
Suppose 15*i = -4*q + 12*i + 5075, -q - i = -1269. Suppose 5*v + 2*l = v + q, 0 = -2*l - 8. Calculate the remainder when v is divided by 81.
76
Suppose 2 + 4 = 2*x + 5*g, -g + 4 = -x. Let n be x + 5/(-1)*-2. Suppose -5*y - 96 = -n*y. Calculate the remainder when 63 is divided by y.
31
Let f = 10088 - 9718. Calculate the remainder when 1140 is divided by f.
30
Let v(k) = 19*k + 48. Calculate the remainder when v(4) is divided by 33/5 + 1 - 28/(-70).
4
Let w(c) = c**2 - 3*c + 48. What is the remainder when w(-24) is divided by 58?
0
Let r = -119 + 279. What is the remainder when r is divided by 30?
10
Let x = -40 + 45. Suppose -x*l + 2 = -3*j, 32 - 4 = 2*j + 4*l. Let f(z) = z + 5. What is the remainder when 20 is divided by f(j)?
9
Suppose 0 = -2*s - 170 + 168. What is the remainder when 213 is divided by (-7)/((-49)/(-14)) + (s - -9)?
3
Let k be (((-20)/25)/(-2))/((-1)/(-5)). Suppose -27 = -k*z - z. Suppose -24 = -5*d + 5*q + 21, -3*q + z = d. What is the remainder when 17 is divided by d?
8
Let i = 7850 - 7802. What is the remainder when 84 is divided by i?
36
Let w(o) = -3*o**2 + 100*o - 202. Calculate the remainder when 188 is divided by w(31).
8
Let v(b) = -6*b**2 + b - 1. Let y be v(1). Calculate the remainder when 5 is divided by (3 + 12/y)*3.
2
Let h = 2996 - 2846. Calculate the remainder when 1199 is divided by h.
149
Suppose 0 = -3*t - 7*j - 134 + 379, -4*t - j + 285 = 0. Calculate the remainder when 180 is divided by t.
40
Let v = 7760 + -7665. Calculate the remainder when 1896 is divided by v.
91
Let l = -27 - -34. Suppose 69 = -l*r + 6. What is the remainder when 6/r + (-176)/(-3) + 2 is divided by 21?
18
Let l(x) = -2882*x - 2639. Calculate the remainder when l(-8) is divided by 82.
81
Let m(n) = n**2 + 2*n - 4. Let z = -40 + 34. Let t be m(z). Suppose v - 5*v + t = 0. What is the remainder when 11 is divided by v?
1
What is the remainder when (-8)/6*1911/(-98) + 7 is divided by (-83)/(-3) - ((-3)/9 - -1)?
6
Let g = 3308 + -2566. What is the remainder when g is divided by 22?
16
Let p(t) = 539*t + 2121. What is the remainder when p(-3) is divided by 470?
34
Suppose 22*v + 34*v = -32*v + 46904. What is the remainder when v is divided by 45?
38
Suppose 37905 = 16*t - 57631. Calculate the remainder when t is divided by 58.
55
Let s be -6 - (4 + -6)*2. Let c be -3 - (-3 + s) - -30. Suppose 3*x + c = 125. What is the remainder when 58 is divided by x?
27
Let h(s) = s**2 - 108*s + 1475. Calculate the remainder when 2645 is divided by h(16).
2
Let n(s) = -s**3 - 80*s**2 - 91*s - 425. Calculate the remainder when n(-79) is divided by 55.
28
Let x = 2278 - 110. Calculate the remainder when x is divided by 23.
6
Suppose 2*h + 10 = -0*h, 3*h = -5*l + 450. Calculate the remainder when l is divided by -12 + 246/9 - 8/(-12).
13
Let y be (-8)/(((-120)/318)/(-10)). Let c = 418 + y. Calculate the remainder when c is divided by 65.
11
Suppose 0 = 4*x - 14 + 10, -3*b + 3*x + 60 = 0. Suppose -4*w + 16 + 394 = -t, -3*t = -3*w + 303. What is the remainder when w is divided by b?
19
Let y(o) = 4*o**2 - 10*o**2 + 47*o + 8*o**2 + 40 + 0*o**2. Calculate the remainder when y(-24) is divided by 33.
31
Suppose 3*b = j + 1235 + 1508, -2*b = j - 1842. Calculate the remainder when b is divided by 40.
37
Suppose 3*m = -5*f + 11, -18*m + 13*m + f + 65 = 0. Calculate the remainder when 41 is divided by m.
5
Calculate the remainder when 359 is divided by 232/9 - ((-148)/18 + -5 + 13).
21
Let c(l) = 9*l + 82. Let o be c(-7). Suppose -1798 = -10*a - o*a. What is the remainder when 107 is divided by a?
45
Suppose -3*o = 2*a + 137, -o + 4*a - 1 = 40. Suppose 2*m + 36 = 150. Calculate the remainder when m is divided by 150/o*(-7 - -4).
7
Let t = 27 - 5. Let k = 31 - t. Let a(m) = 8*m - 43. Calculate the remainder when a(k) is divided by 11.
7
Let j be ((-1007)/38)/((-3)/(-42)). Let r = -363 - j. What is the remainder when ((-2)/(-6))/((-2)/(-78)) is divided by r?
5
Calculate the remainder when 36/(-9 - -5) + 962*1 is divided by 39.
17
Suppose -21*m + 1086 + 290 - 242 = 0. What is the remainder when 1219 is divided by m?
31
Suppose 5*i + 0*g = -4*g + 358, 0 = -5*i + 2*g + 346. Suppose -z = x - 337, -74*z = -5*x - 68*z + 1773. Calculate the remainder when x is divided by i.
65
Let t be (-45 - -9) + (-2)/1. Let y = 38 + t. Suppose -6*z + 28 + 44 = y. Calculate the remainder when 68 is divided by z.
8
Suppose -n + g + 21 = 0, -5*n + 0*g + 111 = -3*g. What is the remainder when (-546)/(588/28) - -143 is divided by n?
21
Let c = 2110 - 1829. Calculate the remainder when c is divided by 15.
11
Let v(y) = -163*y**2 - 1523*y - 27. What is the remainder when v(-8) is divided by 20?
5
Suppose -4*k - 124 = -l, -3*l = -333*k + 330*k - 444. Let z(m) = -11*m + 2. What is the remainder when l is divided by z(-5)?
42
What is the remainder when 1253 - (-1 + (-5 - -2)) is divided by 74?
73
Let a = -200 + 211. Suppose 0 = -4*d - 2*b + 51 - a, 0 = -5*b. Calculate the remainder when 527 is divided by d.
7
Suppose 81*t + 29760 = 121*t. What is the remainder when t is divided by 18?
6
Suppose -2*r + 8 = 6*r. Suppose 4*c + r = 5. Let m(k) = 94*k**2 + k - 1. What is the remainder when m(c) is divided by 24?
22
Let m = 4467 + -3688. What is the remainder when m is divided by 166?
115
Let c(i) = 4*i - 10*i - i**3 - 2*i - 3*i**2 - 6 + 0. Let n(s) = -s**3 - 4*s**2 + 3*s - 6. What is the remainder when c(-3) is divided by n(-5)?
2
Suppose 49615 = 830*t - 67415. What is the remainder when 9587 is divided by t?
140
Let f(b) = 31*b**3 + b**2 - 15*b + 40. Calculate the remainder when 2558 is divided by f(3).
35
Let a = 28 - 32. Let m be (a - -12)*(-26)/(-4). Let w = 74 - m. Calculate the remainder when 65 is divided by w.
21
Let z = -565 + 567. Suppose 51 = 4*h - p, 2*p - 25 = -z*h + 3*p. Calculate the remainder when 58 is divided by h.
6
Let c = -8 + 37. Suppose 223 = 2*z + 5*v, 150 + 80 = 2*z - 2*v. Calculate the remainder when z is divided by c.
27
Let w(c) = -2*c - 6. Suppose -162*d - 255 = -179*d. Suppose 0 = -r - 10 + d. What is the remainder when r is divided by w(-4)?
1
Suppose 103*w - 89*w + 2790 = 59*w. Calculate the remainder when 536 is divided by w.
40
Let s(f) = -2*f**3 - 3*f**2 + 19*f + 36. Calculate the remainder when 63 is divided by s(-4).
23
Let y = -6561 - -6725. Calculate the remainder when 1802 is divided by y.
162
Suppose 4*u - 9*u = 3*r - 76, 32 = r + 5*u. Let s = -15 + r. Let d = 74 + -49. What is the remainder when d is divided by s?
4
Let f(q) = -q**3 + 5*q**2 + 3*q + 1. Suppose 15 = 7*y - 20. Calculate the remainder when f(4) is divided by (-8 + 3)/y + 17.
13
Suppose 83*n = 80*n - 87. Let r = n + 66. Calculate the remainder when r is divided by 17.
3
Suppose -3*n = -4*d + 8, -2*d = -n - 1 - 3. Let t be 0*((-3)/(-4) - 1)*d. Suppose -15*i + 18*i - 66 = t. Calculate the remainder when 42 is divided by i.
20
Suppose 0 = 18*d - 13*d - 4*z - 207, -z = 3. Let s = 9 + -4. What is the remainder when d is divided by s?
4
Let x(w) = w**2 - w + 23. Suppose 0 = -3*d - 603 + 2283. Suppose 4*s - d = -5*m, -m - s - 2*s = -112. Calculate the remainder when m is divided by x(0).
20
Suppose 32 = 24*s - 32*s. What is the remainder when 53 is divided by s/(-22) - 2519/(-121)?
11
What is the remainder when 291 is divided by (-86614)/(-930) - (-2)/(-15)?
12
Let d(r) = 2*r**3 + 15*r**2 + 7*r + 5. Let m be d(-7). Suppose -2*n = m*w - 85 - 131, 2*w = -4. Let l = n - 98. Calculate the remainder when 29 is divided by l.
14
Let p = -63 - -57. Let q be -1*6*2/p. Suppose -4*c + 2*a = -116, 4*c + 3*a - 74 = q*c. Calculate the remainder when 92 is divided by c.
30
Suppose -5*h - 5*p + 3875 = 0, -3*h - 5*p + 1577 = -h. Calculate the remainder when 3839 is divided by h.
9
Let x = -3704 - -3749. Calculate the remainder when 93 is divided by x.
3
Let g(f) = f**2 - 12*f - 18. Let y be g(13). Let s = -124 - y. What is the remainder when 56 is divided by ((-4)/10)/(s/(-30) - 4)?
8
Suppose 6*c - 4*c = 5*j - 116, c - j + 52 = 0. Let p = c + 107. Let n = p - 52. Calculate the remainder when 30 is divided by n.
2
What is the re